{"id":1955,"date":"2016-06-20T18:02:42","date_gmt":"2016-06-20T18:02:42","guid":{"rendered":"http:\/\/192.168.1.138\/?page_id=1955"},"modified":"2016-06-21T10:03:38","modified_gmt":"2016-06-21T10:03:38","slug":"zwierzyna-lowna","status":"publish","type":"page","link":"https:\/\/kololowieckie41los.pl\/?page_id=1955","title":{"rendered":"Zwierzyna \u0141owna"},"content":{"rendered":"<p style=\"text-align: center;\"><strong>Zwierz\u0119ta \u0141owne<\/strong><\/p>\n<p style=\"text-align: center;\"><strong>Ssaki:<\/strong><\/p>\n<p style=\"text-align: center;\"><a href=\"http:\/\/kololowieckie41los.pl\/?page_id=1974\">\u0141o\u015b<\/a><\/p>\n<p style=\"text-align: center;\"><a href=\"http:\/\/kololowieckie41los.pl\/?page_id=1967\">Tch\u00f3rz<\/a><\/p>\n<p style=\"text-align: center;\"><a href=\"http:\/\/kololowieckie41los.pl\/?page_id=1981\">Jele\u0144 szlachetny<\/a><\/p>\n<p style=\"text-align: center;\"><a href=\"http:\/\/kololowieckie41los.pl\/?page_id=2098\">Jele\u0144 sika<\/a><\/p>\n<p style=\"text-align: center;\"><a href=\"http:\/\/kololowieckie41los.pl\/?page_id=1986\">Daniel<\/a><\/p>\n<p style=\"text-align: center;\"><a href=\"http:\/\/kololowieckie41los.pl\/?page_id=1989\">Sarna<\/a><\/p>\n<p style=\"text-align: center;\"><a href=\"http:\/\/kololowieckie41los.pl\/?page_id=1992\">Muflon<\/a><\/p>\n<p style=\"text-align: center;\"><a href=\"http:\/\/kololowieckie41los.pl\/?page_id=1995\">Dzik<\/a><\/p>\n<p style=\"text-align: center;\"><a href=\"http:\/\/kololowieckie41los.pl\/?page_id=1998\">Lis<\/a><\/p>\n<p style=\"text-align: center;\"><a href=\"http:\/\/kololowieckie41los.pl\/?page_id=2002\">Borsuk<\/a><\/p>\n<p style=\"text-align: center;\"><a href=\"http:\/\/kololowieckie41los.pl\/?page_id=2005\">Jenot<\/a><\/p>\n<p style=\"text-align: center;\"><a href=\"http:\/\/kololowieckie41los.pl\/?page_id=2008\">Kuna<\/a><\/p>\n<p style=\"text-align: center;\"><a href=\"http:\/\/kololowieckie41los.pl\/?page_id=2101\">Pi\u017cmak<\/a><\/p>\n<p style=\"text-align: center;\"><a href=\"http:\/\/kololowieckie41los.pl\/?page_id=2011\">Norka Ameryka\u0144ska<\/a><\/p>\n<p style=\"text-align: center;\"><a href=\"http:\/\/kololowieckie41los.pl\/?page_id=2104\">Szop Pracz<\/a><\/p>\n<p style=\"text-align: center;\"><a href=\"http:\/\/kololowieckie41los.pl\/?page_id=2014\">Zaj\u0105c szarak<\/a><\/p>\n<p style=\"text-align: center;\"><a href=\"http:\/\/kololowieckie41los.pl\/?page_id=2017\">Dziki kr\u00f3lik<\/a><\/p>\n<p style=\"text-align: center;\"><strong>Ptaki \u0141owne:<\/strong><\/p>\n<p style=\"text-align: center;\"><a href=\"http:\/\/kololowieckie41los.pl\/?page_id=2022\">Jarz\u0105bek<\/a><\/p>\n<p style=\"text-align: center;\"><a href=\"http:\/\/kololowieckie41los.pl\/?page_id=2025\">Ba\u017cant<\/a><\/p>\n<p style=\"text-align: center;\"><a href=\"http:\/\/kololowieckie41los.pl\/?page_id=2028\">Kuropatwa<\/a><\/p>\n<p style=\"text-align: center;\"><a href=\"http:\/\/kololowieckie41los.pl\/?page_id=2031\">S\u0142onka<\/a><\/p>\n<p style=\"text-align: center;\"><a href=\"http:\/\/kololowieckie41los.pl\/?page_id=2034\">Go\u0142\u0105b grzywacz<\/a><\/p>\n<p style=\"text-align: center;\"><a href=\"http:\/\/kololowieckie41los.pl\/?page_id=2037\">\u0141yska<\/a><\/p>\n<p style=\"text-align: center;\"><a href=\"http:\/\/kololowieckie41los.pl\/?page_id=2040\">Dzikie Kaczki<\/a><\/p>\n<p style=\"text-align: center;\"><a href=\"http:\/\/kololowieckie41los.pl\/?page_id=2043\">Dzikie G\u0119si<\/a><\/p>\n","protected":false},"excerpt":{"rendered":"<p>Zwierz\u0119ta \u0141owne Ssaki: \u0141o\u015b Tch\u00f3rz Jele\u0144 szlachetny Jele\u0144 sika Daniel Sarna Muflon Dzik Lis Borsuk Jenot Kuna Pi\u017cmak Norka Ameryka\u0144ska Szop Pracz Zaj\u0105c szarak Dziki kr\u00f3lik Ptaki \u0141owne: Jarz\u0105bek Ba\u017cant Kuropatwa S\u0142onka Go\u0142\u0105b grzywacz \u0141yska Dzikie Kaczki Dzikie G\u0119si<\/p>\n","protected":false},"author":1,"featured_media":0,"parent":1888,"menu_order":0,"comment_status":"closed","ping_status":"closed","template":"","meta":{"ngg_post_thumbnail":0,"footnotes":"","_links_to":"","_links_to_target":""},"class_list":["post-1955","page","type-page","status-publish","hentry"],"aioseo_notices":[],"_links":{"self":[{"href":"https:\/\/kololowieckie41los.pl\/index.php?rest_route=\/wp\/v2\/pages\/1955","targetHints":{"allow":["GET"]}}],"collection":[{"href":"https:\/\/kololowieckie41los.pl\/index.php?rest_route=\/wp\/v2\/pages"}],"about":[{"href":"https:\/\/kololowieckie41los.pl\/index.php?rest_route=\/wp\/v2\/types\/page"}],"author":[{"embeddable":true,"href":"https:\/\/kololowieckie41los.pl\/index.php?rest_route=\/wp\/v2\/users\/1"}],"replies":[{"embeddable":true,"href":"https:\/\/kololowieckie41los.pl\/index.php?rest_route=%2Fwp%2Fv2%2Fcomments&post=1955"}],"version-history":[{"count":36,"href":"https:\/\/kololowieckie41los.pl\/index.php?rest_route=\/wp\/v2\/pages\/1955\/revisions"}],"predecessor-version":[{"id":2106,"href":"https:\/\/kololowieckie41los.pl\/index.php?rest_route=\/wp\/v2\/pages\/1955\/revisions\/2106"}],"up":[{"embeddable":true,"href":"https:\/\/kololowieckie41los.pl\/index.php?rest_route=\/wp\/v2\/pages\/1888"}],"wp:attachment":[{"href":"https:\/\/kololowieckie41los.pl\/index.php?rest_route=%2Fwp%2Fv2%2Fmedia&parent=1955"}],"curies":[{"name":"wp","href":"https:\/\/api.w.org\/{rel}","templated":true}]}}