{"id":63,"date":"2016-05-03T16:26:59","date_gmt":"2016-05-03T16:26:59","guid":{"rendered":"http:\/\/192.168.1.138\/?page_id=63"},"modified":"2019-08-11T08:32:48","modified_gmt":"2019-08-11T08:32:48","slug":"odeszli-do-krainy-wieczych-lowow","status":"publish","type":"page","link":"https:\/\/kololowieckie41los.pl\/?page_id=63","title":{"rendered":"Ku Pami\u0119ci"},"content":{"rendered":"<p>&nbsp;<\/p>\n<p>\t<div class='ngg-imagebrowser default-view'\n\t\tid='ngg-imagebrowser-a101aebe8d6888f4c160300acbaf5e08-63'\n\t\tdata-nextgen-gallery-id=\"52\"\n\t\tdata-gallery-id=\"52\"\n\t\t\t\tdata-gallery-name=\"odeszli\"\n\t\t>\n\n\t\t<h3>Odeszli do Krainy Wiecznych \u0141ow\u00f3w<\/h3>\n\n\t\t<div id=\"ngg-image-0\" class=\"pic\" \n\t\t\t\t\t>\n\t\t\t\t<a href='https:\/\/kololowieckie41los.pl\/wp-content\/gallery\/odeszli\/swi.jpg?t=1565512291'\n\t\t\ttitle=' '\n\t\t\tdata-src=\"https:\/\/kololowieckie41los.pl\/wp-content\/gallery\/odeszli\/swi.jpg?t=1565512291\"\n\t\t\tdata-thumbnail=\"https:\/\/kololowieckie41los.pl\/wp-content\/gallery\/odeszli\/thumbs\/thumbs_swi.jpg?t=1565512291\"\n\t\t\tdata-image-id=\"310\"\n\t\t\tdata-image-name=\"swi.jpg\"\n\t\t\tdata-title=\"Odeszli do Krainy Wiecznych \u0141ow\u00f3w\"\n\t\t\tdata-description=\" \"\n\t\t\t\t\t\t\t\t\t\t\t\t\t\t\tclass=\"ngg-fancybox\" rel=\"a101aebe8d6888f4c160300acbaf5e08\">\n\t\t\t\t\t\t<img title='Odeszli do Krainy Wiecznych \u0141ow\u00f3w'\n\t\t\t\talt='Odeszli do Krainy Wiecznych \u0141ow\u00f3w'\n\t\t\t\tsrc='https:\/\/kololowieckie41los.pl\/wp-content\/gallery\/odeszli\/swi.jpg?t=1565512291'\/>\n\t\t<\/a>\n\n\t\t<\/div>\n\t\t<div class='ngg-imagebrowser-nav'>\n\n\t\t\t<div class='back'>\n\t\t\t\t<a class='ngg-browser-prev'\n\t\t\t\t\tid='ngg-prev-310'\n\t\t\t\t\thref='https:\/\/kololowieckie41los.pl\/index.php\/nggallery\/image\/swi?page_id=63'>\n\t\t\t\t\t<i class=\"fa fa-chevron-left\" aria-hidden=\"true\"><\/i>\n\t\t\t\t<\/a>\n\t\t\t<\/div>\n\n\t\t\t<div class='next'>\n\t\t\t\t<a class='ngg-browser-next'\n\t\t\t\t\tid='ngg-next-310'\n\t\t\t\t\thref='https:\/\/kololowieckie41los.pl\/index.php\/nggallery\/image\/swi?page_id=63'>\n\t\t\t\t\t<i class=\"fa fa-chevron-right\" aria-hidden=\"true\"><\/i>\n\t\t\t\t<\/a>\n\t\t\t<\/div>\n\n\t\t\t<div class='counter'>\n\t\t\t\tZdj\u0119cie\t\t\t\t1\t\t\t\tz\t\t\t\t1\t\t\t<\/div>\n\n\t\t<\/div>\n\n\t\t<div class='ngg-imagebrowser-desc'>\n\t\t\t<p> <\/p>\n\t\t<\/div>\n\n\t<\/div>\t\t<\/div>\n\t<\/div>\n<\/p>\n<p>&#8222;\u2026gdy wybije mojej \u015bmierci godzina,<br \/>\npochowajcie mnie w kniei zielonej,<br \/>\nniech nade mn\u0105 zaszumi g\u0119stwina,<br \/>\nhymn my\u015bliwskiej rado\u015bci minionej.&#8221;<\/p>\n<p>Julian Ejsmond<\/p>\n<p><strong>PO\u017bEGNANIE<br \/>\n<\/strong><br \/>\n(fragmenty autora Edmunda Broczkowskiego Wiosna 2006)<\/p>\n<p>A kiedy u st\u00f3p twoich stan\u0119 Wielki Bo\u017ce<br \/>\nTo oznajm\u0119 memu Panu w wielkiej pokorze<br \/>\n\u017be w mym \u017cyciu szcz\u0119\u015bciem \u0142owiectwo by\u0142o<br \/>\nI knieja ojczysta, w kt\u00f3rej \u017cywot si\u0119 spedzi\u0142o.<\/p>\n<p>Gdy mnie nie b\u0119dzie, wspomnijcie Nemroda Starego<br \/>\nKt\u00f3ry zachwyca\u0142 sie lasem drzewa szumi\u0105cego.<br \/>\nI kocha\u0142 Was, najbli\u017csz\u0105 Bra\u0107 Mysliwsk\u0105<br \/>\nJak swoj\u0105 Rodzin\u0119 bardzo blisk\u0105.<\/p>\n<p>Niestety, bezpowrotnie odchodz\u0105 od nas do Krainy Wiecznych \u0141ow\u00f3w nasi koledzy my\u015bliwi, towarzysze my\u015bliwskich prze\u017cy\u0107, wsp\u00f3lnej pracy i kole\u017ce\u0144skich spotka\u0144.<\/p>\n<p>Pozostan\u0105 oni zawsze w naszej pami\u0119ci. Brak jest dzi\u015b w\u015br\u00f3d nas Koleg\u00f3w:<\/p>\n<ol>\n<li>\u015a.p Baran Krzysztof<\/li>\n<li>\u015a.p Bara\u0144ski Kazimierz<\/li>\n<li>\u015a.p Bara\u0144ski Zygmunt<\/li>\n<li>\u015a.p Debzi\u0144ski Kazimierz<\/li>\n<li>\u015a.p Dziura W\u0142adys\u0142aw<\/li>\n<li>\u015a.p Jasina Adam<\/li>\n<li>\u015a.p Kapusta Stanis\u0142aw<\/li>\n<li>\u015a.p K\u0105tek Henryk<\/li>\n<li>\u015a.p K\u0105tek Marek<\/li>\n<li>\u015a.p Kowalczyk Czes\u0142aw<\/li>\n<li>\u015a.p Kryszczuk Andrzej<\/li>\n<li>\u015a.p Kulczy\u0144ski Bohdan<\/li>\n<li>\u015a.p Mazur Leonard<\/li>\n<li>\u015a.p Pop\u0142awski Stanis\u0142aw<\/li>\n<li>\u015a.p Prus Czes\u0142aw<\/li>\n<li>\u015a.p Puszcz Tadeusz<\/li>\n<li>\u015a.p Rybak Ryszard<\/li>\n<li>\u015a.p Sadowski Mieczys\u0142aw<\/li>\n<li>\u015a.p Tomczyk Kazimierz<\/li>\n<li>\u015a.p Tracz Jan<\/li>\n<li>\u015a.p Walczuk Zenon<\/li>\n<li>\u015a.p Watras Stanis\u0142aw<\/li>\n<li>\u015a.p Wilk Stanis\u0142aw<\/li>\n<li>\u015a.p Wi\u015bniewski Witold<\/li>\n<\/ol>\n<p>Oddajmy im cze\u015b\u0107 i honor&nbsp; za to co zrobili dla \u0142owiectwa, dla naszej spo\u0142eczno\u015bci.<\/p>\n","protected":false},"excerpt":{"rendered":"<p>&nbsp; Odeszli do Krainy Wiecznych \u0141ow\u00f3w Zdj\u0119cie 1 z 1 &#8222;\u2026gdy wybije mojej \u015bmierci godzina, pochowajcie mnie w kniei zielonej, niech nade mn\u0105 zaszumi g\u0119stwina, hymn my\u015bliwskiej rado\u015bci minionej.&#8221; Julian Ejsmond PO\u017bEGNANIE (fragmenty autora Edmunda Broczkowskiego Wiosna 2006) A kiedy u st\u00f3p twoich stan\u0119 Wielki Bo\u017ce To oznajm\u0119 memu Panu w wielkiej pokorze \u017be w [&hellip;]<\/p>\n","protected":false},"author":1,"featured_media":0,"parent":0,"menu_order":4,"comment_status":"closed","ping_status":"closed","template":"","meta":{"ngg_post_thumbnail":0,"footnotes":"","_links_to":"","_links_to_target":""},"class_list":["post-63","page","type-page","status-publish","hentry"],"aioseo_notices":[],"_links":{"self":[{"href":"https:\/\/kololowieckie41los.pl\/index.php?rest_route=\/wp\/v2\/pages\/63","targetHints":{"allow":["GET"]}}],"collection":[{"href":"https:\/\/kololowieckie41los.pl\/index.php?rest_route=\/wp\/v2\/pages"}],"about":[{"href":"https:\/\/kololowieckie41los.pl\/index.php?rest_route=\/wp\/v2\/types\/page"}],"author":[{"embeddable":true,"href":"https:\/\/kololowieckie41los.pl\/index.php?rest_route=\/wp\/v2\/users\/1"}],"replies":[{"embeddable":true,"href":"https:\/\/kololowieckie41los.pl\/index.php?rest_route=%2Fwp%2Fv2%2Fcomments&post=63"}],"version-history":[{"count":13,"href":"https:\/\/kololowieckie41los.pl\/index.php?rest_route=\/wp\/v2\/pages\/63\/revisions"}],"predecessor-version":[{"id":3044,"href":"https:\/\/kololowieckie41los.pl\/index.php?rest_route=\/wp\/v2\/pages\/63\/revisions\/3044"}],"wp:attachment":[{"href":"https:\/\/kololowieckie41los.pl\/index.php?rest_route=%2Fwp%2Fv2%2Fmedia&parent=63"}],"curies":[{"name":"wp","href":"https:\/\/api.w.org\/{rel}","templated":true}]}}